{"id":2714,"date":"2025-01-10T17:19:30","date_gmt":"2025-01-10T20:19:30","guid":{"rendered":"https:\/\/medicalservice.com.ar\/laboral\/examenes-de-cruceros-copy\/"},"modified":"2026-01-27T11:10:02","modified_gmt":"2026-01-27T14:10:02","slug":"examenes-peme-cruceros","status":"publish","type":"page","link":"https:\/\/medicalservice.com.ar\/laboral\/examenes-peme-cruceros\/","title":{"rendered":"Ex\u00e1menes PEME para cruceros"},"content":{"rendered":"\t\t<div data-elementor-type=\"wp-page\" data-elementor-id=\"2714\" class=\"elementor elementor-2714\" data-elementor-post-type=\"page\">\n\t\t\t\t<div class=\"elementor-element elementor-element-b7b9925 e-flex e-con-boxed e-con e-parent\" data-id=\"b7b9925\" data-element_type=\"container\" data-e-type=\"container\" data-settings=\"{&quot;background_background&quot;:&quot;classic&quot;,&quot;jet_parallax_layout_list&quot;:[]}\">\n\t\t\t\t\t<div class=\"e-con-inner\">\n\t\t<div class=\"elementor-element elementor-element-2e7790d e-con-full e-flex e-con e-child\" data-id=\"2e7790d\" data-element_type=\"container\" data-e-type=\"container\" data-settings=\"{&quot;jet_parallax_layout_list&quot;:[]}\">\n\t\t\t\t<div class=\"elementor-element elementor-element-4562cdb elementor-invisible elementor-widget elementor-widget-heading\" data-id=\"4562cdb\" data-element_type=\"widget\" data-e-type=\"widget\" data-settings=\"{&quot;_animation&quot;:&quot;fadeIn&quot;}\" data-widget_type=\"heading.default\">\n\t\t\t\t<div class=\"elementor-widget-container\">\n\t\t\t\t\t<h2 class=\"elementor-heading-title elementor-size-default\">Ex\u00e1menes PEME para cruceros\n<\/h2>\t\t\t\t<\/div>\n\t\t\t\t<\/div>\n\t\t\t\t<\/div>\n\t\t\t\t\t<\/div>\n\t\t\t\t<\/div>\n\t\t<div class=\"elementor-element elementor-element-722175f e-flex e-con-boxed e-con e-parent\" data-id=\"722175f\" data-element_type=\"container\" data-e-type=\"container\" data-settings=\"{&quot;jet_parallax_layout_list&quot;:[]}\">\n\t\t\t\t\t<div class=\"e-con-inner\">\n\t\t<div class=\"elementor-element elementor-element-a07552c e-con-full e-flex e-con e-child\" data-id=\"a07552c\" data-element_type=\"container\" data-e-type=\"container\" data-settings=\"{&quot;background_background&quot;:&quot;classic&quot;,&quot;jet_parallax_layout_list&quot;:[]}\">\n\t\t\t\t<\/div>\n\t\t<div class=\"elementor-element elementor-element-1fd8419 e-con-full e-flex e-con e-child\" data-id=\"1fd8419\" data-element_type=\"container\" data-e-type=\"container\" data-settings=\"{&quot;jet_parallax_layout_list&quot;:[]}\">\n\t\t\t\t<div class=\"elementor-element elementor-element-3da6610 elementor-invisible elementor-widget elementor-widget-heading\" data-id=\"3da6610\" data-element_type=\"widget\" data-e-type=\"widget\" data-settings=\"{&quot;_animation&quot;:&quot;fadeIn&quot;}\" data-widget_type=\"heading.default\">\n\t\t\t\t<div class=\"elementor-widget-container\">\n\t\t\t\t\t<h2 class=\"elementor-heading-title elementor-size-default\">Certificaciones m\u00e9dicas para empleados de cruceros, garantizando aptitud f\u00edsica y seguridad a bordo.<\/h2>\t\t\t\t<\/div>\n\t\t\t\t<\/div>\n\t\t\t\t<div class=\"elementor-element elementor-element-1f35347 elementor-invisible elementor-widget elementor-widget-heading\" data-id=\"1f35347\" data-element_type=\"widget\" data-e-type=\"widget\" data-settings=\"{&quot;_animation&quot;:&quot;fadeIn&quot;}\" data-widget_type=\"heading.default\">\n\t\t\t\t<div class=\"elementor-widget-container\">\n\t\t\t\t\t<h2 class=\"elementor-heading-title elementor-size-default\">Ex\u00e1menes M\u00e9dicos para Cruceros<\/h2>\t\t\t\t<\/div>\n\t\t\t\t<\/div>\n\t\t\t\t<div class=\"elementor-element elementor-element-4cc986d elementor-widget elementor-widget-text-editor\" data-id=\"4cc986d\" data-element_type=\"widget\" data-e-type=\"widget\" data-widget_type=\"text-editor.default\">\n\t\t\t\t<div class=\"elementor-widget-container\">\n\t\t\t\t\t\t\t\t\t<p>Aqu\u00ed, en Medical Service, brindamos ex\u00e1menes m\u00e9dicos y ex\u00e1menes m\u00e9dicos previos al empleo (PEME) para muchos proveedores de cruceros, incluidos: MSC, Norwegian, Disney, Costa y para Prefectura Naval.<\/p><p>Cont\u00e1ctenos para <strong>Cruise Medicals<\/strong> o para cualquier otra informaci\u00f3n, citas y precios para <strong>PEME Medicals.<\/strong><\/p><p>Las autoridades mar\u00edtimas tienen una norma que exige que todos los empleados est\u00e9n m\u00e9dicamente aptos para prestar servicio a bordo de cruceros. Esto es para garantizar que no representen un riesgo para el funcionamiento seguro del barco, sus pasajeros y otros empleados.<\/p><p>Seg\u00fan este est\u00e1ndar, cualquier persona que desee trabajar o que ya est\u00e9 trabajando en un crucero debe tener un certificado v\u00e1lido. Sin embargo, este requisito obligatorio tiene algunas excepciones. Si no est\u00e1 seguro de si necesita un certificado m\u00e9dico, haga bien en ponerse en contacto con su empleador o directamente con la Autoridad Mar\u00edtima.<\/p><p>El reconocimiento m\u00e9dico de la gente de mar es mundialmente reconocido por los empresarios mar\u00edtimos.<\/p><p>Sigue leyendo para saber m\u00e1s sobre el examen m\u00e9dico.<\/p><p>La certificaci\u00f3n de la gente de mar generalmente tiene una duraci\u00f3n de dos a\u00f1os, salvo que sean necesarias restricciones que limiten el alcance de las funciones por motivos m\u00e9dicos.<\/p>\t\t\t\t\t\t\t\t<\/div>\n\t\t\t\t<\/div>\n\t\t\t\t<div class=\"elementor-element elementor-element-6cc97e7 elementor-align-left elementor-widget__width-inherit elementor-widget elementor-widget-button\" data-id=\"6cc97e7\" data-element_type=\"widget\" data-e-type=\"widget\" data-widget_type=\"button.default\">\n\t\t\t\t<div class=\"elementor-widget-container\">\n\t\t\t\t\t\t\t\t\t<div class=\"elementor-button-wrapper\">\n\t\t\t\t\t<a class=\"elementor-button elementor-button-link elementor-size-sm\" href=\"https:\/\/medicalservice.com.ar\/laboral\/examenes-laboral\/examenes-medicos-para-cruceros\" target=\"_blank\">\n\t\t\t\t\t\t<span class=\"elementor-button-content-wrapper\">\n\t\t\t\t\t\t<span class=\"elementor-button-icon\">\n\t\t\t\t<svg aria-hidden=\"true\" class=\"e-font-icon-svg e-fas-chevron-right\" viewBox=\"0 0 320 512\" xmlns=\"http:\/\/www.w3.org\/2000\/svg\"><path d=\"M285.476 272.971L91.132 467.314c-9.373 9.373-24.569 9.373-33.941 0l-22.667-22.667c-9.357-9.357-9.375-24.522-.04-33.901L188.505 256 34.484 101.255c-9.335-9.379-9.317-24.544.04-33.901l22.667-22.667c9.373-9.373 24.569-9.373 33.941 0L285.475 239.03c9.373 9.372 9.373 24.568.001 33.941z\"><\/path><\/svg>\t\t\t<\/span>\n\t\t\t\t\t\t\t\t\t<span class=\"elementor-button-text\">Reserva tu cita<\/span>\n\t\t\t\t\t<\/span>\n\t\t\t\t\t<\/a>\n\t\t\t\t<\/div>\n\t\t\t\t\t\t\t\t<\/div>\n\t\t\t\t<\/div>\n\t\t\t\t<\/div>\n\t\t\t\t\t<\/div>\n\t\t\t\t<\/div>\n\t\t<div class=\"elementor-element elementor-element-1de2164 e-flex e-con-boxed e-con e-parent\" data-id=\"1de2164\" data-element_type=\"container\" data-e-type=\"container\" data-settings=\"{&quot;background_background&quot;:&quot;classic&quot;,&quot;jet_parallax_layout_list&quot;:[]}\">\n\t\t\t\t\t<div class=\"e-con-inner\">\n\t\t<div class=\"elementor-element elementor-element-336a896 e-con-full e-flex elementor-invisible e-con e-child\" data-id=\"336a896\" data-element_type=\"container\" data-e-type=\"container\" data-settings=\"{&quot;background_background&quot;:&quot;classic&quot;,&quot;animation&quot;:&quot;fadeIn&quot;,&quot;jet_parallax_layout_list&quot;:[]}\">\n\t\t\t\t<div class=\"elementor-element elementor-element-6394c89 elementor-widget elementor-widget-heading\" data-id=\"6394c89\" data-element_type=\"widget\" data-e-type=\"widget\" data-widget_type=\"heading.default\">\n\t\t\t\t<div class=\"elementor-widget-container\">\n\t\t\t\t\t<h3 class=\"elementor-heading-title elementor-size-default\">Sobre los ex\u00e1menes m\u00e9dicos para cruceros<\/h3>\t\t\t\t<\/div>\n\t\t\t\t<\/div>\n\t\t\t\t<div class=\"elementor-element elementor-element-c5d0c12 elementor-widget elementor-widget-text-editor\" data-id=\"c5d0c12\" data-element_type=\"widget\" data-e-type=\"widget\" data-widget_type=\"text-editor.default\">\n\t\t\t\t<div class=\"elementor-widget-container\">\n\t\t\t\t\t\t\t\t\t<p>Le informamos que estamos homologados convencionalmente con MSC, Norwegian, Disney, Costa y para Prefectura Naval<\/p><p>Es importante destacar que realizamos los estudios de manera particular, por lo que no operamos con obras sociales.\u00a0<\/p><p>Si necesita alg\u00fan estudio adicional que no est\u00e9 contemplado en el presupuesto, le rogamos que nos lo haga saber por este medio para que podamos enviarle la cotizaci\u00f3n pertinente.<\/p><p>Tenga en cuenta que para los requisitos de Disney, se solicitar\u00e1 un Ionograma.<\/p><p>Respecto a los medios de pago, aceptamos efectivo (en pesos o d\u00f3lares), tarjeta de cr\u00e9dito\/d\u00e9bito y Mercado Pago. La facturaci\u00f3n se realiza exclusivamente en pesos argentinos, utilizando la conversi\u00f3n del d\u00eda del d\u00f3lar venta del Banco Naci\u00f3n, m\u00e1s IVA.<\/p><p>Los resultados de los estudios le ser\u00e1n enviados de manera virtual, previamente escaneados, en un plazo m\u00ednimo de 10 a 15 d\u00edas h\u00e1biles. Una vez que est\u00e9n disponibles, coordinaremos con usted para que pueda retirar los formularios originales en nuestra sede.<\/p><p>Asimismo, es fundamental que presente los certificados de las siguientes vacunas: T\u00e9tanos (actualizada), Fiebre amarilla, Covid-19, Polio, Varicela, MMR (triple viral), Hepatitis A y B, y Tuberculosis. En el caso de la vacuna contra la varicela, si usted ha cursado la enfermedad en la ni\u00f1ez y no posee la vacunaci\u00f3n, tiene la opci\u00f3n de realizarse el test de anticuerpos de varicela en nuestro laboratorio, el cual tiene un costo de $12.463), o bien optar por la colocaci\u00f3n de la vacuna en algun centro de vacunaci\u00f3n.<\/p>\t\t\t\t\t\t\t\t<\/div>\n\t\t\t\t<\/div>\n\t\t\t\t<div class=\"elementor-element elementor-element-04ca207 elementor-widget elementor-widget-heading\" data-id=\"04ca207\" data-element_type=\"widget\" data-e-type=\"widget\" data-widget_type=\"heading.default\">\n\t\t\t\t<div class=\"elementor-widget-container\">\n\t\t\t\t\t<h3 class=\"elementor-heading-title elementor-size-default\">Otra documentaci\u00f3n \u00fatil\n<\/h3>\t\t\t\t<\/div>\n\t\t\t\t<\/div>\n\t\t\t\t<div class=\"elementor-element elementor-element-d424fe0 elementor-widget elementor-widget-text-editor\" data-id=\"d424fe0\" data-element_type=\"widget\" data-e-type=\"widget\" data-widget_type=\"text-editor.default\">\n\t\t\t\t<div class=\"elementor-widget-container\">\n\t\t\t\t\t\t\t\t\tPara los empleados potenciales con un historial m\u00e9dico importante, ser\u00eda de gran ayuda traer los registros del m\u00e9dico de cabecera, del hospital o las cartas cl\u00ednicas.\t\t\t\t\t\t\t\t<\/div>\n\t\t\t\t<\/div>\n\t\t\t\t<div class=\"elementor-element elementor-element-6a61844 elementor-widget elementor-widget-heading\" data-id=\"6a61844\" data-element_type=\"widget\" data-e-type=\"widget\" data-widget_type=\"heading.default\">\n\t\t\t\t<div class=\"elementor-widget-container\">\n\t\t\t\t\t<h3 class=\"elementor-heading-title elementor-size-default\">M\u00e9dicos de l\u00ednea de cruceros\n<\/h3>\t\t\t\t<\/div>\n\t\t\t\t<\/div>\n\t\t\t\t<div class=\"elementor-element elementor-element-e0ceae7 elementor-widget elementor-widget-text-editor\" data-id=\"e0ceae7\" data-element_type=\"widget\" data-e-type=\"widget\" data-widget_type=\"text-editor.default\">\n\t\t\t\t<div class=\"elementor-widget-container\">\n\t\t\t\t\t\t\t\t\t<p>Los pacientes que buscan un PEME con respecto a un futuro empleo en Royal Caribbean, Norweigan, Crystal, Steiner, Princess, Seven Seas y todas las principales compa\u00f1\u00edas de cruceros deben comunicarse con nosotros para obtener m\u00e1s detalles.<br \/><br \/>Env\u00edenos un correo electr\u00f3nico con una copia de su formulario m\u00e9dico para que podamos responderle r\u00e1pidamente con una cotizaci\u00f3n precisa. La mayor\u00eda de los clientes son atendidos dentro de una semana de su consulta, y el m\u00e9dico completo est\u00e1 disponible 3 d\u00edas h\u00e1biles despu\u00e9s de su cita. Tambi\u00e9n se pueden facilitar citas r\u00e1pidas; comun\u00edquese con la cl\u00ednica con su solicitud.<\/p>\t\t\t\t\t\t\t\t<\/div>\n\t\t\t\t<\/div>\n\t\t\t\t<\/div>\n\t\t\t\t\t<\/div>\n\t\t\t\t<\/div>\n\t\t<div class=\"elementor-element elementor-element-bd8938d e-flex e-con-boxed e-con e-parent\" data-id=\"bd8938d\" data-element_type=\"container\" data-e-type=\"container\" data-settings=\"{&quot;jet_parallax_layout_list&quot;:[]}\">\n\t\t\t\t\t<div class=\"e-con-inner\">\n\t\t\t\t<div class=\"elementor-element elementor-element-32de5cd elementor-widget__width-inherit elementor-invisible elementor-widget elementor-widget-heading\" data-id=\"32de5cd\" data-element_type=\"widget\" data-e-type=\"widget\" data-settings=\"{&quot;_animation&quot;:&quot;fadeIn&quot;}\" data-widget_type=\"heading.default\">\n\t\t\t\t<div class=\"elementor-widget-container\">\n\t\t\t\t\t<h4 class=\"elementor-heading-title elementor-size-default\">Dudas frecuentes sobre los Ex\u00e1menes PEM<\/h4>\t\t\t\t<\/div>\n\t\t\t\t<\/div>\n\t\t\t\t<div class=\"elementor-element elementor-element-16008e6 elementor-widget elementor-widget-heading\" data-id=\"16008e6\" data-element_type=\"widget\" data-e-type=\"widget\" data-widget_type=\"heading.default\">\n\t\t\t\t<div class=\"elementor-widget-container\">\n\t\t\t\t\t<h3 class=\"elementor-heading-title elementor-size-default\">Informaci\u00f3n Adicional:<\/h3>\t\t\t\t<\/div>\n\t\t\t\t<\/div>\n\t\t\t\t<div class=\"elementor-element elementor-element-1fb7fb4 elementor-widget elementor-widget-text-editor\" data-id=\"1fb7fb4\" data-element_type=\"widget\" data-e-type=\"widget\" data-widget_type=\"text-editor.default\">\n\t\t\t\t<div class=\"elementor-widget-container\">\n\t\t\t\t\t\t\t\t\t<ul>\n \t<li>Todos los informes m\u00e9dicos se entregar\u00e1n en ingl\u00e9s.<\/li>\n \t<li>Si su puesto de trabajo requiere ex\u00e1menes adicionales, por favor inf\u00f3rmenos para cotizarlos.<\/li>\n \t<li>Puede abonar mediante transferencia bancaria, o el d\u00eda del turno en recepci\u00f3n (pesos argentinos, d\u00f3lares, tarjeta de d\u00e9bito\/cr\u00e9dito, Mercado Pago).<\/li>\n \t<li><strong>EX\u00c1MENES ACTUALIZADOS<\/strong>, m\u00e1ximo de 3 meses de antig\u00fcedad\nLaboratorio correspondiente a su empresa (Audiometr\u00eda, Rx de t\u00f3rax, Electrocardiograma, Datos de peso, altura, tensi\u00f3n arterial, frecuencia cardiaca, saturaci\u00f3n de ox\u00edgeno, frecuencia respiratoria, IMC.\nExamen de agudeza visual)<\/li>\n \t<li><strong>Si reside en el interior del pa\u00eds o necesita renovar sus Formularios, ofrecemos la opci\u00f3n de realizar la consulta cl\u00ednica general por videollamada.<\/strong><\/li>\n \t<li><strong><u>El costo es de USD 119.80 e incluye formularios en ingl\u00e9s<\/u>. Se abona por transferencia bancaria. (CONVERSI\u00d3N AL PRECIO D\u00d3LAR BNA VENTA). Para completar los formularios, necesitamos estudios actualizados (no m\u00e1s de tres meses de antig\u00fcedad).<\/strong><\/li>\n \t<li><strong>Solo traducimos estudios realizados en nuestro centro m\u00e9dico.<\/strong><\/li>\n \t<li><strong>Se requiere el calendario de vacunaci\u00f3n completo.<\/strong><\/li>\n<\/ul>\t\t\t\t\t\t\t\t<\/div>\n\t\t\t\t<\/div>\n\t\t\t\t<div class=\"elementor-element elementor-element-8cbe02e elementor-widget elementor-widget-heading\" data-id=\"8cbe02e\" data-element_type=\"widget\" data-e-type=\"widget\" data-widget_type=\"heading.default\">\n\t\t\t\t<div class=\"elementor-widget-container\">\n\t\t\t\t\t<h3 class=\"elementor-heading-title elementor-size-default\">Ex\u00e1menes m\u00e9dicos incluidos:<\/h3>\t\t\t\t<\/div>\n\t\t\t\t<\/div>\n\t\t\t\t<div class=\"elementor-element elementor-element-e5a5957 elementor-widget elementor-widget-text-editor\" data-id=\"e5a5957\" data-element_type=\"widget\" data-e-type=\"widget\" data-widget_type=\"text-editor.default\">\n\t\t\t\t<div class=\"elementor-widget-container\">\n\t\t\t\t\t\t\t\t\t<ul>\n \t<li>Examen f\u00edsico cl\u00ednico<\/li>\n \t<li>Radiograf\u00eda de t\u00f3rax<\/li>\n \t<li>Audiometr\u00eda tonal<\/li>\n \t<li>Test de visi\u00f3n (cercana\/lejana\/l\u00e1minas de Ishihara)<\/li>\n \t<li>Electrocardiograma digital<\/li>\n \t<li>Laboratorio:\n<ul>\n \t<li>Glucosa<\/li>\n \t<li>Urea<\/li>\n \t<li>Creatinina<\/li>\n \t<li>Bilirrubina<\/li>\n \t<li>FAL<\/li>\n \t<li>TGO\/TGP<\/li>\n \t<li>Colesterol total<\/li>\n \t<li>Triglic\u00e9ridos<\/li>\n \t<li>Sub Beta HCG (test de embarazo)<\/li>\n \t<li>Orina completa<\/li>\n \t<li>Hemograma completo (con \u00edndices hematim\u00e9tricos \u2013 f\u00f3rmula leucocitaria completa FLR \/ FLA)<\/li>\n \t<li>G gamma-glutamil transferasa (GGT)<\/li>\n \t<li>Serolog\u00eda HIV<\/li>\n \t<li>Serolog\u00eda VDRL (s\u00edfilis)<\/li>\n \t<li>Dosaje de IGM para Hepatitis A<\/li>\n \t<li>Dosaje de Hepatitis B ant\u00edgeno de superficie<\/li>\n \t<li>Hepatitis C anticuerpo<\/li>\n \t<li>Tipo de sangre \u2013 (grupo y factor)<\/li>\n \t<li>HbA1c (Hemoglobina glicosilada)<\/li>\n \t<li>Dosaje de drogas de abuso: THC \/ Morfina \/ Opioides \/ Anfetaminas \/ PCP \/ Coca\u00edna<\/li>\n<\/ul>\n<\/li>\n<\/ul>\t\t\t\t\t\t\t\t<\/div>\n\t\t\t\t<\/div>\n\t\t\t\t<div class=\"elementor-element elementor-element-9e46eff elementor-align-left elementor-widget__width-inherit elementor-widget elementor-widget-button\" data-id=\"9e46eff\" data-element_type=\"widget\" data-e-type=\"widget\" data-widget_type=\"button.default\">\n\t\t\t\t<div class=\"elementor-widget-container\">\n\t\t\t\t\t\t\t\t\t<div class=\"elementor-button-wrapper\">\n\t\t\t\t\t<a class=\"elementor-button elementor-button-link elementor-size-sm\" href=\"https:\/\/medicalservice.com.ar\/laboral\/examenes-laboral\/examenes-medicos-para-cruceros\" target=\"_blank\">\n\t\t\t\t\t\t<span class=\"elementor-button-content-wrapper\">\n\t\t\t\t\t\t<span class=\"elementor-button-icon\">\n\t\t\t\t<svg aria-hidden=\"true\" class=\"e-font-icon-svg e-fas-chevron-right\" viewBox=\"0 0 320 512\" xmlns=\"http:\/\/www.w3.org\/2000\/svg\"><path d=\"M285.476 272.971L91.132 467.314c-9.373 9.373-24.569 9.373-33.941 0l-22.667-22.667c-9.357-9.357-9.375-24.522-.04-33.901L188.505 256 34.484 101.255c-9.335-9.379-9.317-24.544.04-33.901l22.667-22.667c9.373-9.373 24.569-9.373 33.941 0L285.475 239.03c9.373 9.372 9.373 24.568.001 33.941z\"><\/path><\/svg>\t\t\t<\/span>\n\t\t\t\t\t\t\t\t\t<span class=\"elementor-button-text\">Reserva tu cita<\/span>\n\t\t\t\t\t<\/span>\n\t\t\t\t\t<\/a>\n\t\t\t\t<\/div>\n\t\t\t\t\t\t\t\t<\/div>\n\t\t\t\t<\/div>\n\t\t\t\t\t<\/div>\n\t\t\t\t<\/div>\n\t\t<div class=\"elementor-element elementor-element-f27086a e-flex e-con-boxed e-con e-parent\" data-id=\"f27086a\" data-element_type=\"container\" data-e-type=\"container\" data-settings=\"{&quot;jet_parallax_layout_list&quot;:[],&quot;background_background&quot;:&quot;classic&quot;}\">\n\t\t\t\t\t<div class=\"e-con-inner\">\n\t\t<div class=\"elementor-element elementor-element-d7a1056 e-con-full e-flex elementor-invisible e-con e-child\" data-id=\"d7a1056\" data-element_type=\"container\" data-e-type=\"container\" data-settings=\"{&quot;animation&quot;:&quot;fadeIn&quot;,&quot;animation_delay&quot;:100,&quot;background_background&quot;:&quot;classic&quot;,&quot;jet_parallax_layout_list&quot;:[]}\">\n\t\t\t\t<\/div>\n\t\t<div class=\"elementor-element elementor-element-5fcd3cf e-con-full e-flex elementor-invisible e-con e-child\" data-id=\"5fcd3cf\" data-element_type=\"container\" data-e-type=\"container\" data-settings=\"{&quot;background_background&quot;:&quot;classic&quot;,&quot;animation&quot;:&quot;fadeInRight&quot;,&quot;jet_parallax_layout_list&quot;:[]}\">\n\t\t\t\t<div class=\"elementor-element elementor-element-35ffe17 elementor-widget elementor-widget-heading\" data-id=\"35ffe17\" data-element_type=\"widget\" data-e-type=\"widget\" data-widget_type=\"heading.default\">\n\t\t\t\t<div class=\"elementor-widget-container\">\n\t\t\t\t\t<h2 class=\"elementor-heading-title elementor-size-default\">Deje la salud de su empresa en nuestras manos<\/h2>\t\t\t\t<\/div>\n\t\t\t\t<\/div>\n\t\t\t\t<div class=\"elementor-element elementor-element-1bdecfa elementor-widget elementor-widget-text-editor\" data-id=\"1bdecfa\" data-element_type=\"widget\" data-e-type=\"widget\" data-widget_type=\"text-editor.default\">\n\t\t\t\t<div class=\"elementor-widget-container\">\n\t\t\t\t\t\t\t\t\t<p>Desde Medicalservice, buscamos brindar un servicio diferencial y de calidad, basado en la capacidad y<br \/>aptitud de nuestro cuerpo medico, como en la eficiencia y trabajo de todo el personal, al servicio de la salud.<\/p>\t\t\t\t\t\t\t\t<\/div>\n\t\t\t\t<\/div>\n\t\t<div class=\"elementor-element elementor-element-12204dd e-con-full e-flex e-con e-child\" data-id=\"12204dd\" data-element_type=\"container\" data-e-type=\"container\" data-settings=\"{&quot;jet_parallax_layout_list&quot;:[]}\">\n\t\t\t\t<div class=\"elementor-element elementor-element-81cda91 elementor-align-left elementor-widget__width-auto elementor-widget elementor-widget-button\" data-id=\"81cda91\" data-element_type=\"widget\" data-e-type=\"widget\" data-widget_type=\"button.default\">\n\t\t\t\t<div class=\"elementor-widget-container\">\n\t\t\t\t\t\t\t\t\t<div class=\"elementor-button-wrapper\">\n\t\t\t\t\t<a class=\"elementor-button elementor-button-link elementor-size-md\" href=\"https:\/\/medicalservice.com.ar\/laboral\/contacto\/\" target=\"_blank\">\n\t\t\t\t\t\t<span class=\"elementor-button-content-wrapper\">\n\t\t\t\t\t\t<span class=\"elementor-button-icon\">\n\t\t\t\t<svg aria-hidden=\"true\" class=\"e-font-icon-svg e-far-comments\" viewBox=\"0 0 576 512\" xmlns=\"http:\/\/www.w3.org\/2000\/svg\"><path d=\"M532 386.2c27.5-27.1 44-61.1 44-98.2 0-80-76.5-146.1-176.2-157.9C368.3 72.5 294.3 32 208 32 93.1 32 0 103.6 0 192c0 37 16.5 71 44 98.2-15.3 30.7-37.3 54.5-37.7 54.9-6.3 6.7-8.1 16.5-4.4 25 3.6 8.5 12 14 21.2 14 53.5 0 96.7-20.2 125.2-38.8 9.2 2.1 18.7 3.7 28.4 4.9C208.1 407.6 281.8 448 368 448c20.8 0 40.8-2.4 59.8-6.8C456.3 459.7 499.4 480 553 480c9.2 0 17.5-5.5 21.2-14 3.6-8.5 1.9-18.3-4.4-25-.4-.3-22.5-24.1-37.8-54.8zm-392.8-92.3L122.1 305c-14.1 9.1-28.5 16.3-43.1 21.4 2.7-4.7 5.4-9.7 8-14.8l15.5-31.1L77.7 256C64.2 242.6 48 220.7 48 192c0-60.7 73.3-112 160-112s160 51.3 160 112-73.3 112-160 112c-16.5 0-33-1.9-49-5.6l-19.8-4.5zM498.3 352l-24.7 24.4 15.5 31.1c2.6 5.1 5.3 10.1 8 14.8-14.6-5.1-29-12.3-43.1-21.4l-17.1-11.1-19.9 4.6c-16 3.7-32.5 5.6-49 5.6-54 0-102.2-20.1-131.3-49.7C338 339.5 416 272.9 416 192c0-3.4-.4-6.7-.7-10C479.7 196.5 528 238.8 528 288c0 28.7-16.2 50.6-29.7 64z\"><\/path><\/svg>\t\t\t<\/span>\n\t\t\t\t\t\t\t\t\t<span class=\"elementor-button-text\">Cont\u00e1ctenos<\/span>\n\t\t\t\t\t<\/span>\n\t\t\t\t\t<\/a>\n\t\t\t\t<\/div>\n\t\t\t\t\t\t\t\t<\/div>\n\t\t\t\t<\/div>\n\t\t\t\t<\/div>\n\t\t\t\t<\/div>\n\t\t\t\t\t<\/div>\n\t\t\t\t<\/div>\n\t\t\t\t<\/div>\n\t\t","protected":false},"excerpt":{"rendered":"<p>Ex\u00e1menes PEME para cruceros Certificaciones m\u00e9dicas para empleados de cruceros, garantizando aptitud f\u00edsica y seguridad a bordo. Ex\u00e1menes M\u00e9dicos para Cruceros Aqu\u00ed, en Medical Service, brindamos ex\u00e1menes m\u00e9dicos y ex\u00e1menes m\u00e9dicos previos al empleo (PEME) para muchos proveedores de cruceros, incluidos: MSC, Norwegian, Disney, Costa y para Prefectura Naval. Cont\u00e1ctenos para Cruise Medicals o para [&hellip;]<\/p>\n","protected":false},"author":1,"featured_media":0,"parent":0,"menu_order":0,"comment_status":"closed","ping_status":"closed","template":"","meta":{"site-sidebar-layout":"no-sidebar","site-content-layout":"page-builder","ast-site-content-layout":"full-width-container","site-content-style":"default","site-sidebar-style":"default","ast-global-header-display":"","ast-banner-title-visibility":"","ast-main-header-display":"","ast-hfb-above-header-display":"","ast-hfb-below-header-display":"","ast-hfb-mobile-header-display":"","site-post-title":"disabled","ast-breadcrumbs-content":"","ast-featured-img":"disabled","footer-sml-layout":"","ast-disable-related-posts":"","theme-transparent-header-meta":"","adv-header-id-meta":"","stick-header-meta":"","header-above-stick-meta":"","header-main-stick-meta":"","header-below-stick-meta":"","astra-migrate-meta-layouts":"set","ast-page-background-enabled":"default","ast-page-background-meta":{"desktop":{"background-color":"var(--ast-global-color-4)","background-image":"","background-repeat":"repeat","background-position":"center center","background-size":"auto","background-attachment":"scroll","background-type":"","background-media":"","overlay-type":"","overlay-color":"","overlay-opacity":"","overlay-gradient":""},"tablet":{"background-color":"","background-image":"","background-repeat":"repeat","background-position":"center center","background-size":"auto","background-attachment":"scroll","background-type":"","background-media":"","overlay-type":"","overlay-color":"","overlay-opacity":"","overlay-gradient":""},"mobile":{"background-color":"","background-image":"","background-repeat":"repeat","background-position":"center center","background-size":"auto","background-attachment":"scroll","background-type":"","background-media":"","overlay-type":"","overlay-color":"","overlay-opacity":"","overlay-gradient":""}},"ast-content-background-meta":{"desktop":{"background-color":"var(--ast-global-color-5)","background-image":"","background-repeat":"repeat","background-position":"center center","background-size":"auto","background-attachment":"scroll","background-type":"","background-media":"","overlay-type":"","overlay-color":"","overlay-opacity":"","overlay-gradient":""},"tablet":{"background-color":"var(--ast-global-color-5)","background-image":"","background-repeat":"repeat","background-position":"center center","background-size":"auto","background-attachment":"scroll","background-type":"","background-media":"","overlay-type":"","overlay-color":"","overlay-opacity":"","overlay-gradient":""},"mobile":{"background-color":"var(--ast-global-color-5)","background-image":"","background-repeat":"repeat","background-position":"center center","background-size":"auto","background-attachment":"scroll","background-type":"","background-media":"","overlay-type":"","overlay-color":"","overlay-opacity":"","overlay-gradient":""}},"_joinchat":[],"footnotes":""},"class_list":["post-2714","page","type-page","status-publish","hentry"],"aioseo_notices":[],"_links":{"self":[{"href":"https:\/\/medicalservice.com.ar\/laboral\/wp-json\/wp\/v2\/pages\/2714","targetHints":{"allow":["GET"]}}],"collection":[{"href":"https:\/\/medicalservice.com.ar\/laboral\/wp-json\/wp\/v2\/pages"}],"about":[{"href":"https:\/\/medicalservice.com.ar\/laboral\/wp-json\/wp\/v2\/types\/page"}],"author":[{"embeddable":true,"href":"https:\/\/medicalservice.com.ar\/laboral\/wp-json\/wp\/v2\/users\/1"}],"replies":[{"embeddable":true,"href":"https:\/\/medicalservice.com.ar\/laboral\/wp-json\/wp\/v2\/comments?post=2714"}],"version-history":[{"count":67,"href":"https:\/\/medicalservice.com.ar\/laboral\/wp-json\/wp\/v2\/pages\/2714\/revisions"}],"predecessor-version":[{"id":3466,"href":"https:\/\/medicalservice.com.ar\/laboral\/wp-json\/wp\/v2\/pages\/2714\/revisions\/3466"}],"wp:attachment":[{"href":"https:\/\/medicalservice.com.ar\/laboral\/wp-json\/wp\/v2\/media?parent=2714"}],"curies":[{"name":"wp","href":"https:\/\/api.w.org\/{rel}","templated":true}]}}