{"id":5512,"date":"2023-09-04T16:50:59","date_gmt":"2023-09-04T19:50:59","guid":{"rendered":"https:\/\/medicalservice.com.ar\/asistencial\/?page_id=5512"},"modified":"2023-09-04T16:55:24","modified_gmt":"2023-09-04T19:55:24","slug":"terminos-y-condiciones","status":"publish","type":"page","link":"https:\/\/medicalservice.com.ar\/asistencial\/terminos-y-condiciones\/","title":{"rendered":"T\u00e9rminos y Condiciones"},"content":{"rendered":"\t\t<div data-elementor-type=\"wp-page\" data-elementor-id=\"5512\" class=\"elementor elementor-5512\" data-elementor-post-type=\"page\">\n\t\t\t\t<div class=\"elementor-element elementor-element-0a1cedf e-flex e-con-boxed e-con e-parent\" data-id=\"0a1cedf\" data-element_type=\"container\" data-e-type=\"container\">\n\t\t\t\t\t<div class=\"e-con-inner\">\n\t\t\t\t\t<\/div>\n\t\t\t\t<\/div>\n\t\t<div class=\"elementor-element elementor-element-bd803df e-flex e-con-boxed e-con e-parent\" data-id=\"bd803df\" data-element_type=\"container\" data-e-type=\"container\">\n\t\t\t\t\t<div class=\"e-con-inner\">\n\t\t\t\t<div class=\"elementor-element elementor-element-ef77501 elementor-widget elementor-widget-text-editor\" data-id=\"ef77501\" data-element_type=\"widget\" data-e-type=\"widget\" data-widget_type=\"text-editor.default\">\n\t\t\t\t<div class=\"elementor-widget-container\">\n\t\t\t\t\t\t\t\t\t<p><strong>Anexo I<\/strong><\/p><p>Sistema de Reserva y Cancelaci\u00f3n de Turnos M\u00e9dicos a trav\u00e9s de la plataforma de https:\/\/medicalservice.com.ar\/ ( en adelante \u201cla Web\u201d)<\/p><p>Todo aquel Usuario que complete los datos solicitados en la Web, reservar\u00e1 en forma autom\u00e1tica un turno para el servicio m\u00e9dico seleccionado oportunamente ( en adelante el Turno). Asimismo, tendr\u00e1 dos opciones disponibles para la reserva: Con Pago Online y Sin pago online. En este \u00faltimo el Usuario deber\u00e1 abonar el servicio, al momento de presentarse en el Consultorio y\/o Centro M\u00e9dico , previo a realizar la consulta o pr\u00e1ctica m\u00e9dica solicitada.<\/p><p>En virtud a la elecci\u00f3n realizada por el Usuario, el mismo podr\u00e1 cancelar la reserva realizada sin penalidad, s\u00f3lo y sin excepci\u00f3n dentro de las 48 horas h\u00e1biles previas a la fecha seleccionada. En este supuesto podr\u00e1 reprogramar por la misma v\u00eda su turno.<\/p><p>Aquellos Usuarios que no cumplan con el plazo de 48 horas mencionado, pero den aviso fehaciente de la necesidad de cancelaci\u00f3n, tendr\u00e1n derecho a que se les reconozca el 50% de lo abonado al momento de la reserva para su pr\u00f3ximo turno reprogramado el mismo, dentro del siguiente mes calendario.<br \/>Si el Usuario hubiera realizado una reserva sin pago online, y cancela sin cumplir con el plazo de 48hs requerido y en reiteradas ocasiones ( 3 oportunidades), tendr\u00e1 bloqueada la posibilidad de obtener un nuevo turno a trav\u00e9s de la plataforma por 3 meses.<\/p><p>Medical Service notifica a los Usuarios que el sistema de pago online para reserva de turnos se perfecciona a trav\u00e9s de un tercero id\u00f3neo contratado para procesar pagos, al cual se redirecciona inmediatamente al seleccionar la opci\u00f3n de pago online. El Usuario acepta que al pagar online sale de la p\u00e1gina web de Medical Service y se redirige a una plataforma de pagos, que tiene sus propios t\u00e9rminos y condiciones con su correspondiente tratamiento de datos. ( Para m\u00e1s informaci\u00f3n ver Pol\u00edtica de Privacidad del Sitio Web)<\/p><p>Valor del Turno Solicitado.<\/p><p>Cada pr\u00e1ctica y\/o consulta m\u00e9dica reservada tiene un precio expresado en pesos argentinos y que surge al momento de la reserva. En caso de reprogramaci\u00f3n o cancelaci\u00f3n por parte del Usuario, \u00e9ste conoce que el precio podr\u00e1 haber sufrido modificaciones realizadas por actualizaci\u00f3n de precios realizada por Medical Service.<\/p><p>Detalle de prestaciones del Turno<\/p><p>Antes de realizar la reserva correspondiente el Usuario tendr\u00e1 a disposici\u00f3n el detalle de las prestaciones que incluye el turno solicitado. Todo lo que no est\u00e9 en la selecci\u00f3n de Turno reservada, ser\u00e1 abonado en forma separada en caso de que sea solicitado por el Usuario al momento de presentarse al Centro o Consultorio M\u00e9dico para la consulta o pr\u00e1ctica solicitada.<\/p><p>\u00daltima actualizaci\u00f3n: 24 de julio de 2023<\/p>\t\t\t\t\t\t\t\t<\/div>\n\t\t\t\t<\/div>\n\t\t\t\t\t<\/div>\n\t\t\t\t<\/div>\n\t\t\t\t<\/div>\n\t\t","protected":false},"excerpt":{"rendered":"<p>Anexo I Sistema de Reserva y Cancelaci\u00f3n de Turnos M\u00e9dicos a trav\u00e9s de la plataforma de https:\/\/medicalservice.com.ar\/ ( en adelante \u201cla Web\u201d) Todo aquel Usuario que complete los datos solicitados en la Web, reservar\u00e1 en forma autom\u00e1tica un turno para el servicio m\u00e9dico seleccionado oportunamente ( en adelante el Turno). Asimismo, tendr\u00e1 dos opciones disponibles [&hellip;]<\/p>\n","protected":false},"author":1,"featured_media":0,"parent":0,"menu_order":0,"comment_status":"closed","ping_status":"closed","template":"","meta":{"site-sidebar-layout":"no-sidebar","site-content-layout":"page-builder","ast-site-content-layout":"default","site-content-style":"default","site-sidebar-style":"default","ast-global-header-display":"","ast-banner-title-visibility":"","ast-main-header-display":"","ast-hfb-above-header-display":"","ast-hfb-below-header-display":"","ast-hfb-mobile-header-display":"","site-post-title":"disabled","ast-breadcrumbs-content":"","ast-featured-img":"disabled","footer-sml-layout":"","ast-disable-related-posts":"","theme-transparent-header-meta":"","adv-header-id-meta":"","stick-header-meta":"","header-above-stick-meta":"","header-main-stick-meta":"","header-below-stick-meta":"","astra-migrate-meta-layouts":"set","ast-page-background-enabled":"default","ast-page-background-meta":{"desktop":{"background-color":"var(--ast-global-color-4)","background-image":"","background-repeat":"repeat","background-position":"center center","background-size":"auto","background-attachment":"scroll","background-type":"","background-media":"","overlay-type":"","overlay-color":"","overlay-opacity":"","overlay-gradient":""},"tablet":{"background-color":"","background-image":"","background-repeat":"repeat","background-position":"center center","background-size":"auto","background-attachment":"scroll","background-type":"","background-media":"","overlay-type":"","overlay-color":"","overlay-opacity":"","overlay-gradient":""},"mobile":{"background-color":"","background-image":"","background-repeat":"repeat","background-position":"center center","background-size":"auto","background-attachment":"scroll","background-type":"","background-media":"","overlay-type":"","overlay-color":"","overlay-opacity":"","overlay-gradient":""}},"ast-content-background-meta":{"desktop":{"background-color":"var(--ast-global-color-5)","background-image":"","background-repeat":"repeat","background-position":"center center","background-size":"auto","background-attachment":"scroll","background-type":"","background-media":"","overlay-type":"","overlay-color":"","overlay-opacity":"","overlay-gradient":""},"tablet":{"background-color":"var(--ast-global-color-5)","background-image":"","background-repeat":"repeat","background-position":"center center","background-size":"auto","background-attachment":"scroll","background-type":"","background-media":"","overlay-type":"","overlay-color":"","overlay-opacity":"","overlay-gradient":""},"mobile":{"background-color":"var(--ast-global-color-5)","background-image":"","background-repeat":"repeat","background-position":"center center","background-size":"auto","background-attachment":"scroll","background-type":"","background-media":"","overlay-type":"","overlay-color":"","overlay-opacity":"","overlay-gradient":""}},"_jet_sm_ready_style":"","_jet_sm_style":"","_jet_sm_controls_values":"","_jet_sm_fonts_collection":"","_jet_sm_fonts_links":"","_joinchat":[],"footnotes":""},"class_list":["post-5512","page","type-page","status-publish","hentry"],"_links":{"self":[{"href":"https:\/\/medicalservice.com.ar\/asistencial\/wp-json\/wp\/v2\/pages\/5512","targetHints":{"allow":["GET"]}}],"collection":[{"href":"https:\/\/medicalservice.com.ar\/asistencial\/wp-json\/wp\/v2\/pages"}],"about":[{"href":"https:\/\/medicalservice.com.ar\/asistencial\/wp-json\/wp\/v2\/types\/page"}],"author":[{"embeddable":true,"href":"https:\/\/medicalservice.com.ar\/asistencial\/wp-json\/wp\/v2\/users\/1"}],"replies":[{"embeddable":true,"href":"https:\/\/medicalservice.com.ar\/asistencial\/wp-json\/wp\/v2\/comments?post=5512"}],"version-history":[{"count":7,"href":"https:\/\/medicalservice.com.ar\/asistencial\/wp-json\/wp\/v2\/pages\/5512\/revisions"}],"predecessor-version":[{"id":5520,"href":"https:\/\/medicalservice.com.ar\/asistencial\/wp-json\/wp\/v2\/pages\/5512\/revisions\/5520"}],"wp:attachment":[{"href":"https:\/\/medicalservice.com.ar\/asistencial\/wp-json\/wp\/v2\/media?parent=5512"}],"curies":[{"name":"wp","href":"https:\/\/api.w.org\/{rel}","templated":true}]}}