{"id":5504,"date":"2023-09-04T16:20:58","date_gmt":"2023-09-04T19:20:58","guid":{"rendered":"https:\/\/medicalservice.com.ar\/asistencial\/?page_id=5504"},"modified":"2023-09-04T16:43:38","modified_gmt":"2023-09-04T19:43:38","slug":"politicas-de-privacidad-web","status":"publish","type":"page","link":"https:\/\/medicalservice.com.ar\/asistencial\/politicas-de-privacidad-web\/","title":{"rendered":"Pol\u00edticas de Privacidad Web"},"content":{"rendered":"\t\t<div data-elementor-type=\"wp-page\" data-elementor-id=\"5504\" class=\"elementor elementor-5504\" data-elementor-post-type=\"page\">\n\t\t\t\t<div class=\"elementor-element elementor-element-85aff3f e-flex e-con-boxed e-con e-parent\" data-id=\"85aff3f\" data-element_type=\"container\" data-e-type=\"container\">\n\t\t\t\t\t<div class=\"e-con-inner\">\n\t\t\t\t\t<\/div>\n\t\t\t\t<\/div>\n\t\t<div class=\"elementor-element elementor-element-459fed5 e-flex e-con-boxed e-con e-parent\" data-id=\"459fed5\" data-element_type=\"container\" data-e-type=\"container\">\n\t\t\t\t\t<div class=\"e-con-inner\">\n\t\t\t\t<div class=\"elementor-element elementor-element-09d4866 elementor-widget elementor-widget-text-editor\" data-id=\"09d4866\" data-element_type=\"widget\" data-e-type=\"widget\" data-widget_type=\"text-editor.default\">\n\t\t\t\t<div class=\"elementor-widget-container\">\n\t\t\t\t\t\t\t\t\t<p><strong>1. Disposiciones Generales.<\/strong> La informaci\u00f3n personal es de extrema importancia para MEDICAL SERVICE SRL ( en adelante Medical Service\/ La Empresa), es por ello que la presente Pol\u00edtica de Privacidad tiene como objetivo que los usuarios del sitio web (en adelante, USUARIOS) conozcan el trato que MEDICAL SERVICE les dar\u00e1 a sus datos personales que hayan sido obtenidos mediante el acceso y\/o uso de su sitio web https:\/\/medicalservice.com.ar\/ (en adelante, \u201csitio web\u201d):<\/p><p><strong>2. Obtenci\u00f3n de datos.<\/strong> MEDICAL SERVICE recoger\u00e1 datos personales de los USUARIOS a trav\u00e9s de fuentes e informaci\u00f3n de acceso p\u00fablico irrestricto, de los formularios e interacciones dentro del sitio web, de los contratos comerciales y de las comunicaciones electr\u00f3nicas que realice. No ser\u00e1 necesario facilitar ning\u00fan dato personal para la mera navegaci\u00f3n por el sitio web.<br \/>Los datos personales que MEDICAL SERVICE recolecta a trav\u00e9s del Formulario de registro de Turnos son: nombre y apellido, Documento Nacional de Identidad, Tel\u00e9fono de contacto y direcci\u00f3n de correo electr\u00f3nico.<br \/>Asimismo, MEDICAL SERVICE utilizar\u00e1 la informaci\u00f3n de carga de los Usuarios para la prestaci\u00f3n de servicios m\u00e9dicos y reserva de turnos para los servicios seleccionados.<\/p><p><strong>3. Administraci\u00f3n de la informaci\u00f3n y finalidad.<\/strong> Los datos obtenidos son incorporados a una base de datos titularidad de MEDICAL SERVICE S.A., CUIT NRO. 30-71594804-0, Lucio Mansilla 2437, 1er Piso, Dpto C y D, Ciudad Aut\u00f3noma de Buenos Aires, Argentina, responsable tanto de su gesti\u00f3n como de su tratamiento.<br \/>MEDICAL SERVICE utilizar\u00e1 la informaci\u00f3n para los siguientes fines: a) identificaci\u00f3n y autenticaci\u00f3n, b) administraci\u00f3n y gesti\u00f3n del consultorio, c) inteligencia comercial y mejora del servicio, d) fines estad\u00edsticos, e) env\u00edo de material, notificaciones, promociones o publicidad y actividades similares. Los datos personales no ser\u00e1n difundidos ni empleados para una finalidad distinta o incompatible a la tenida en cuenta al ser ingresados en la base de datos.<br \/>En cumplimiento de lo establecido en los arts. 2, 7 y 8 de la Ley 25.326, MEDICAL SERVICE no solicitar\u00e1 informaci\u00f3n que sea incompatible con la finalidad del sitio web o de sus productos, ni que directa o indirectamente revele datos sensibles de los USUARIOS, como ser datos que revelan origen racial y \u00e9tnico, opiniones pol\u00edticas, convicciones religiosas, filos\u00f3ficas o morales, afiliaci\u00f3n sindical, informaci\u00f3n referente a la salud o a la vida sexual.<br \/>Si se tratase de una comunicaci\u00f3n de publicidad directa no requerida o consentida previamente por el USUARIO, MEDICAL SERVICE le otorgar\u00e1 la posibilidad de ser retirado o bloqueado de dicha base de datos espec\u00edfica.<br \/>En caso de cesi\u00f3n o utilizaci\u00f3n para un fin diferente, MEDICAL SERVICE solicitar\u00e1 a los USUARIOS su consentimiento libre, expreso e informado. En el caso de venta, cesi\u00f3n, fusi\u00f3n, consolidaci\u00f3n, venta de la totalidad o parte sustancial de sus activos, MEDICAL SERVICE podr\u00e1 revelar o transmitir dicha informaci\u00f3n a terceros.<br \/>El USUARIO acepta que MEDICAL SERVICE pueda acceder, conservar y revelar su registro y cualquier otra informaci\u00f3n proporcionada cuando as\u00ed se lo solicite por ley a: (a) cumplir con procesos legales, (b) hacer cumplir este contrato (c) responder a reclamos de violaci\u00f3n de derechos de terceros, (d) responder a sus solicitudes de servicio al cliente, o (e) proteger los derechos, propiedad o seguridad personal de MEDICAL SERVICE.<br \/>El USUARIO acepta que MEDICAL SERVICE env\u00ede informaci\u00f3n y avisos sobre sus productos a trav\u00e9s del sitio web o mediante correo electr\u00f3nico, SMS u otros medios de mensajer\u00eda instant\u00e1nea.<\/p><p><strong>4. Legalidad de las Bases de Datos.<\/strong> Las bases de datos que administra MEDICAL SERVICE con la informaci\u00f3n personal recabada por todos los sitios web relacionados se encuentran registradas en el Registro Nacional de Bases de Datos Privadas de la Direcci\u00f3n Nacional de Protecci\u00f3n de Datos Personales (DPDP), de la Agencia de Acceso a la Informaci\u00f3n P\u00fablica (AAIP) de la Rep\u00fablica Argentina, en cumplimiento de lo dispuesto en el art. 3 de la Ley 25.326 de Protecci\u00f3n de Datos Personales.<br \/>La Agencia de Acceso a la Informaci\u00f3n P\u00fablica, \u00d3rgano de Control de la Ley N\u00ba 25.326, tiene la atribuci\u00f3n de atender las denuncias y reclamos que se interpongan con relaci\u00f3n al incumplimiento de las normas sobre protecci\u00f3n de datos personales. El sitio web para consultas sobre responsables inscriptos es https:\/\/www.argentina.gob.ar\/aaip\/datospersonales<\/p><p><strong>5. Derechos.<\/strong> El USUARIO tiene la facultad de ejercer el derecho de acceso a sus datos en forma gratuita a intervalos no inferiores a 6 meses, salvo que se acredite un inter\u00e9s leg\u00edtimo al efecto conforme lo establecido en el art\u00edculo 14, inciso 3 de la Ley 25.326. La Agencia de Acceso a la Informaci\u00f3n P\u00fablica (AAIP), \u00d3rgano de Control de la Ley 25.326, tiene la atribuci\u00f3n de atender las denuncias y reclamos que se interpongan con relaci\u00f3n al incumplimiento de las normas sobre protecci\u00f3n de datos personales.<br \/>Asimismo, se deja constancia que el titular de los datos podr\u00e1 en cualquier momento solicitar el retiro o bloqueo de su nombre de los bancos de datos (Ley 25.326, art. 27, inc. 3). Esto se hace en cumplimiento de lo establecido en el Decreto 1558\/2001, art. 27, p\u00e1rrafo 3, que establece que \u201cen toda comunicaci\u00f3n con fines de publicidad que se realice por correo, tel\u00e9fono, correo electr\u00f3nico, Internet u otro medio a distancia a conocer, se deber\u00e1 indicar, en forma expresa y destacada, la posibilidad del titular del dato de solicitar el retiro o bloqueo, total o parcial, de su nombre de la base de datos. A pedido del interesado, se deber\u00e1 informar el nombre del responsable o USUARIO del banco de datos que provey\u00f3 la informaci\u00f3n\u201d.<\/p><p><strong>6. Procedimiento.<\/strong> Para que el USUARIO pueda hacer efectivo su derecho de acceso, rectificaci\u00f3n, actualizaci\u00f3n, supresi\u00f3n y confidencialidad de datos, deber\u00e1 tener en consideraci\u00f3n lo siguiente:<br \/>a. La solicitud de obtenci\u00f3n de informaci\u00f3n, rectificaci\u00f3n, actualizaci\u00f3n o supresi\u00f3n de datos personales debe efectuarse por carta documento dirigida a MEDICAL SERVICE S.A., CUIT NRO. 30-71594804-0, Lucio Mansilla 2437, 1er Piso, Dpto C y D, Ciudad Aut\u00f3noma de Buenos Aires, Argentina, acreditando la identidad y el leg\u00edtimo derecho.<br \/>b. Una vez recibida y aprobada dicha solicitud por MEDICAL SERVICE, se contestar\u00e1 en lenguaje accesible y entendible, previa confirmaci\u00f3n de identidad, dentro de los diez (10) d\u00edas corridos para el caso de pedido de informaci\u00f3n mientras que, para el pedido de rectificaci\u00f3n, actualizaci\u00f3n o supresi\u00f3n de datos, lo haremos en cinco (5) d\u00edas h\u00e1biles.<br \/>c. MEDICAL SERVICE contestar\u00e1 de forma clara y de acuerdo con la preferencia que haya manifestado el interesado en su solicitud. En ning\u00fan caso el informe podr\u00e1 revelar datos pertenecientes a terceros.<br \/>d. MEDICAL SERVICE podr\u00e1 denegar la informaci\u00f3n cuando de tal modo se pudieran obstaculizar actuaciones judiciales o administrativas en curso.<\/p><p><strong>7. Seguridad y confidencialidad de la informaci\u00f3n.<\/strong> MEDICAL SERVICE se ocupa de mantener todo el tiempo la seguridad de la informaci\u00f3n personal que brindan los USUARIOS, implementando las medidas t\u00e9cnicas y organizativas internas necesarias para garantizar la seguridad y confidencialidad de los datos y tratando por todos los medios de evitar el acceso no autorizado a los mismos, en cumplimiento del art. 9 de la Ley 25.326 de Protecci\u00f3n de Datos Personales y de la Resoluci\u00f3n 47\/2018 de la Agencia de Acceso a la Informaci\u00f3n P\u00fablica (AAIP) relativa a las \u201cMedidas de Seguridad recomendadas para el Tratamiento y Conservaci\u00f3n de los Datos Personales en Medios Informatizados\u201d.<br \/>Sin embargo, debido al estado actual de la tecnolog\u00eda, MEDICAL SERVICE no puede garantizar que el acceso no autorizado no ocurrir\u00e1 nunca. Asimismo, MEDICAL SERVICE tampoco puede garantizar ni hacerse responsable de las medidas o eventuales incidentes t\u00e9cnicos y\/o de seguridad que pudieran ocurrirles a los servidores en los cuales se aloja la presente plataforma.<br \/>Las comunicaciones privadas que pudieran darse entre el personal de MEDICAL SERVICE y los USUARIOS o visitantes tambi\u00e9n ser\u00e1n consideradas como confidenciales. El acceso a toda esta informaci\u00f3n estar\u00e1 restringido mediante herramientas tecnol\u00f3gicas y estrictos controles internos. Sin embargo, no se considerar\u00e1n confidenciales las comunicaciones electr\u00f3nicas entre los USUARIOS y MEDICAL SERVICE con sugerencias o consultas y\/o en cumplimiento de condiciones de promociones, concursos o publicidad.<\/p><p><strong>8. Uso de cookies.<\/strong> Los USUARIOS conocen y aceptan que MEDICAL SERVICE pueda utilizar un sistema de seguimiento mediante el uso de cookies. Las cookies son archivos que se alojan en el disco r\u00edgido, con una duraci\u00f3n limitada en el tiempo que ayudan a personalizar los productos y servicios. Las mismas facilitan el uso y navegaci\u00f3n en nuestra p\u00e1gina web, siendo en algunos casos esenciales para su funcionamiento. Las cookies permiten a la vez recoger datos a efectos de la autenticaci\u00f3n de USUARIOS, validaci\u00f3n de identidad y evaluar el comportamiento y la demograf\u00eda de los USUARIOS con el fin de ofrecerles un mejor servicio.<br \/>Asimismo, podr\u00e1n utilizarse con fines estad\u00edsticos tales como: fecha de la primera visita, n\u00famero de veces que se ha visitado, fecha de la \u00faltima visita, URL y dominio de la que proviene, explorador utilizado, resoluci\u00f3n de la pantalla, entre otras acciones del USUARIO. Tambi\u00e9n son utilizadas las cookies para promover y hacer cumplir las reglas y seguridad del sitio. Toda esta informaci\u00f3n no ser\u00e1 asociada a los datos personales de los USUARIOS. No obstante, el USUARIO podr\u00e1 desactivarlas y\/o eliminarlas a trav\u00e9s de su navegador, sabiendo que, con esta opci\u00f3n, es posible que no se puedan acceder a ciertos contenidos del sitio web.<\/p><p><strong>9. Enlaces con otros sitios web.<\/strong> El sitio web puede contener enlaces o links de terceros para el pago de servicios, y \/o publicitarios. Sin embargo, MEDICAL SERVICE no dispone de control alguno ni ostenta responsabilidad alguna sobre las pol\u00edticas o medidas de protecci\u00f3n de datos de otras aplicaciones y\/o sitios web.<\/p><p>La presente Pol\u00edtica de Privacidad forma parte integrante de los T\u00e9rminos y Condiciones de MEDICAL SERVICE.<\/p><p>Fecha de la \u00faltima modificaci\u00f3n: 4 de septiembre de 2023<\/p>\t\t\t\t\t\t\t\t<\/div>\n\t\t\t\t<\/div>\n\t\t\t\t\t<\/div>\n\t\t\t\t<\/div>\n\t\t\t\t<\/div>\n\t\t","protected":false},"excerpt":{"rendered":"<p>1. Disposiciones Generales. La informaci\u00f3n personal es de extrema importancia para MEDICAL SERVICE SRL ( en adelante Medical Service\/ La Empresa), es por ello que la presente Pol\u00edtica de Privacidad tiene como objetivo que los usuarios del sitio web (en adelante, USUARIOS) conozcan el trato que MEDICAL SERVICE les dar\u00e1 a sus datos personales que [&hellip;]<\/p>\n","protected":false},"author":1,"featured_media":0,"parent":0,"menu_order":0,"comment_status":"closed","ping_status":"closed","template":"","meta":{"site-sidebar-layout":"no-sidebar","site-content-layout":"page-builder","ast-site-content-layout":"default","site-content-style":"default","site-sidebar-style":"default","ast-global-header-display":"","ast-banner-title-visibility":"","ast-main-header-display":"","ast-hfb-above-header-display":"","ast-hfb-below-header-display":"","ast-hfb-mobile-header-display":"","site-post-title":"disabled","ast-breadcrumbs-content":"","ast-featured-img":"disabled","footer-sml-layout":"","ast-disable-related-posts":"","theme-transparent-header-meta":"","adv-header-id-meta":"","stick-header-meta":"","header-above-stick-meta":"","header-main-stick-meta":"","header-below-stick-meta":"","astra-migrate-meta-layouts":"set","ast-page-background-enabled":"default","ast-page-background-meta":{"desktop":{"background-color":"var(--ast-global-color-4)","background-image":"","background-repeat":"repeat","background-position":"center center","background-size":"auto","background-attachment":"scroll","background-type":"","background-media":"","overlay-type":"","overlay-color":"","overlay-opacity":"","overlay-gradient":""},"tablet":{"background-color":"","background-image":"","background-repeat":"repeat","background-position":"center center","background-size":"auto","background-attachment":"scroll","background-type":"","background-media":"","overlay-type":"","overlay-color":"","overlay-opacity":"","overlay-gradient":""},"mobile":{"background-color":"","background-image":"","background-repeat":"repeat","background-position":"center center","background-size":"auto","background-attachment":"scroll","background-type":"","background-media":"","overlay-type":"","overlay-color":"","overlay-opacity":"","overlay-gradient":""}},"ast-content-background-meta":{"desktop":{"background-color":"var(--ast-global-color-5)","background-image":"","background-repeat":"repeat","background-position":"center center","background-size":"auto","background-attachment":"scroll","background-type":"","background-media":"","overlay-type":"","overlay-color":"","overlay-opacity":"","overlay-gradient":""},"tablet":{"background-color":"var(--ast-global-color-5)","background-image":"","background-repeat":"repeat","background-position":"center center","background-size":"auto","background-attachment":"scroll","background-type":"","background-media":"","overlay-type":"","overlay-color":"","overlay-opacity":"","overlay-gradient":""},"mobile":{"background-color":"var(--ast-global-color-5)","background-image":"","background-repeat":"repeat","background-position":"center center","background-size":"auto","background-attachment":"scroll","background-type":"","background-media":"","overlay-type":"","overlay-color":"","overlay-opacity":"","overlay-gradient":""}},"_jet_sm_ready_style":"","_jet_sm_style":"","_jet_sm_controls_values":"","_jet_sm_fonts_collection":"","_jet_sm_fonts_links":"","_joinchat":[],"footnotes":""},"class_list":["post-5504","page","type-page","status-publish","hentry"],"_links":{"self":[{"href":"https:\/\/medicalservice.com.ar\/asistencial\/wp-json\/wp\/v2\/pages\/5504","targetHints":{"allow":["GET"]}}],"collection":[{"href":"https:\/\/medicalservice.com.ar\/asistencial\/wp-json\/wp\/v2\/pages"}],"about":[{"href":"https:\/\/medicalservice.com.ar\/asistencial\/wp-json\/wp\/v2\/types\/page"}],"author":[{"embeddable":true,"href":"https:\/\/medicalservice.com.ar\/asistencial\/wp-json\/wp\/v2\/users\/1"}],"replies":[{"embeddable":true,"href":"https:\/\/medicalservice.com.ar\/asistencial\/wp-json\/wp\/v2\/comments?post=5504"}],"version-history":[{"count":4,"href":"https:\/\/medicalservice.com.ar\/asistencial\/wp-json\/wp\/v2\/pages\/5504\/revisions"}],"predecessor-version":[{"id":5511,"href":"https:\/\/medicalservice.com.ar\/asistencial\/wp-json\/wp\/v2\/pages\/5504\/revisions\/5511"}],"wp:attachment":[{"href":"https:\/\/medicalservice.com.ar\/asistencial\/wp-json\/wp\/v2\/media?parent=5504"}],"curies":[{"name":"wp","href":"https:\/\/api.w.org\/{rel}","templated":true}]}}